
Suppose -6 = -3*d, -g - d + 4 = 2. Suppose g*l + 8 = 2*l. Suppose 3*b + l*j - 287 = 0, -3*j - 53 = -b + 47. Is b composite?
False
Let f = 7 - -90. Let g = -3 - -5. Suppose 0 = -5*o - 1 + 6, -g*o = x - f. Is x composite?
True
Suppose 4*q = -1 + 9. Suppose 3*l - 150 = -h + 56, h = -q*l + 201. Is h composite?
False
Let b = -152 - -351. Is b prime?
True
Let s(x) = 7 - 4 + x**2 - 1 - x**3 - x. Let v be s(0). Is (1 - -1) + 102/v composite?
False
Suppose -4*j - 4 = -16. Let x be 1 - (-6)/j*1. Let p = 8 + x. Is p composite?
False
Is 149/1 - (-2 - -2) a prime number?
True
Suppose -5*c + 50 = 4*a + a, 3*a = 3*c - 12. Let i be 760/75 - (-4)/(-30). Suppose -c*m + i*m - 6 = 0. Is m composite?
False
Let c(x) = 3*x**2 + 4*x + 3. Let v(p) = p + 2. Let o be v(6). Suppose 2*i = -0*i - o. Is c(i) a composite number?
True
Let t(a) = -a + 89. Suppose -5*f + 20 = 3*d, -d - 5*f = 3*d - 20. Is t(d) a prime number?
True
Let k(u) = -u**3 - 2*u**2 - 4*u - 2. Let m = -1 - 1. Is k(m) a prime number?
False
Let l = -1273 + 1838. Is l a prime number?
False
Let r(p) = 14*p**2 + 3*p + 16. Let t(v) = -5*v**2 - v - 5. Let z(y) = -2*y. Let g be z(-2). Let h(b) = g*r(b) + 11*t(b). Is h(0) composite?
True
Let r(h) = -269*h**3 + h - 1. Is r(-2) a composite number?
True
Suppose -3746 = -4*s - 70. Is s composite?
False
Let w = 95 - 16. Is w prime?
True
Let q(f) = f**2 + 7*f + 9. Let i be q(-6). Suppose 0 = -i*x + 18 - 0. Suppose x*t + k - 120 = t, t = 3*k + 8. Is t composite?
False
Suppose 15 - 5 = 5*w. Suppose -4*u + 4*m - 33 = m, u = 2*m - 7. Is 2 + w/((-2)/u) composite?
False
Suppose 5*u = -2*b + 27, 4*u - 4*b - 19 = -3*b. Suppose -u*q + 9*q - 364 = 0. Is q composite?
True
Let p = 6 + -12. Let z(h) = 4*h + 5 - h**3 - 4*h**2 + 6*h**2 + 2 - 6*h**2. Is z(p) prime?
False
Let z(v) = 5*v - 2. Let m(h) = h - 1. Let o(l) = -2*m(l) - z(l). Let a be o(-3). Suppose 4*c - a = 63. Is c prime?
False
Suppose -3*n = 2*n + i - 385, 0 = -3*n - 2*i + 231. Is n prime?
False
Suppose -182 = 5*a + 43. Let y = 86 - a. Is y prime?
True
Let a(t) = -2*t**3 + 11*t**2 + 3*t - 8. Let b be a(8). Let r = b - -449. Is r composite?
True
Suppose -4*a = -3464 + 676. Is a a prime number?
False
Is (-3716)/(-48)*4*(5 - 2) a composite number?
False
Suppose 3*m + 2715 = 8*m. Is m a prime number?
False
Let a(p) = 3*p**2 + 2*p + 7. Is a(6) composite?
False
Let d(l) = -l**2 - 6*l - 3. Let t be d(-5). Suppose 5*q - t*q = 1143. Suppose -b = -4*b + q. Is b prime?
True
Suppose 3*w - 2*l = 329, -2*w + 21 = -3*l - 195. Is w composite?
True
Let h = 233 - 154. Is h a composite number?
False
Let g(r) = -r - 2. Let z = -9 + 2. Let x be g(z). Suppose -x*m + 221 = -2*i, 2*m - 3*m - 2*i = -37. Is m composite?
False
Let l = -4 - -12. Let w(p) = p**3 - 9*p**2 + 4*p + 6. Let v be w(l). Let c = v - -49. Is c prime?
True
Let c = -4 + 4. Suppose 2*h + c*h = 4. Suppose -h*q + 51 - 1 = 0. Is q a composite number?
True
Suppose m + 16 = 3*x - 4, -x + 2 = 2*m. Is x a prime number?
False
Let h(v) = -43*v - 1. Is h(-6) a prime number?
True
Let g(z) = -z**3 + 6*z**2 - 7*z + 4. Let y be g(5). Let n(t) = t + 3. Let u be n(y). Is -3*(-2 + 4/u) a prime number?
False
Let c be -3 + 7 + -3 + 1. Suppose 563 = 5*s + 4*n, -4*n + 218 = c*s - 6*n. Is s a composite number?
True
Suppose -99 - 288 = -t + 4*z, -3*z = 4*t - 1510. Is t composite?
False
Let h be 76/18 - (-4)/(-18). Let a = h + 5. Is a composite?
True
Suppose 333 = 2*f - 215. Is f a composite number?
True
Let k(q) = q + 2. Let b be k(0). Let j = b + -3. Let a(w) = -18*w + 1. Is a(j) prime?
True
Let f = 227 + 330. Is f a composite number?
False
Is (210 - -1) + -2 + 2 composite?
False
Let n = 24 + 2. Let q = n + -11. Is ((-58)/(-5))/(3/q) a composite number?
True
Suppose 0*h - l = 3*h - 3, 2*l = 3*h + 6. Suppose z - 3*w = 4 + 7, 2*w = h. Is z a prime number?
True
Suppose -c - h = -84, 0*h - 1 = h. Is c prime?
False
Let p be -1 + -1 - 24/3. Is 4/p - 464/(-10) a composite number?
True
Let y(a) = -651*a - 4. Is y(-3) prime?
True
Suppose 7 = -k + 26. Suppose -4*n + 24 = 4*j, -3*j + k = 2*n + 3. Let m = n - -51. Is m composite?
False
Let b(w) = -3*w**2 + 19*w + 2. Let u(t) = -t**2 + 9*t + 1. Let v(l) = -2*b(l) + 5*u(l). Let o be v(-7). Is (-30)/(-8)*(3 + o) composite?
True
Let b(j) = j + 1. Let o(i) = i**2 + 2*i + 4. Let l be o(-3). Let k be b(l). Let h = k + 29. Is h a composite number?
False
Let u(v) be the first derivative of -5*v**4/4 - 5*v**3/3 - v**2 - v - 2. Is u(-4) prime?
False
Suppose 4*w - 387 = -71. Is w a composite number?
False
Suppose 4*x - 50 = -2*i, 0 = -2*i + i - x + 28. Is i composite?
False
Let d = 437 - 150. Is d composite?
True
Suppose -2*j - 17 - 5 = 0. Let g = 34 + j. Let s = g - 16. Is s prime?
True
Let f(l) = l**3 + 1. Let n(t) = -49*t**3 + t**2 - 2*t - 5. Let v(p) = 6*f(p) + n(p). Let r be (6/(-15))/(1/5). Is v(r) prime?
True
Suppose 7 = 3*t - 2. Suppose t*u - 395 = 2*i, i - 528 = -4*u + 3*i. Is u prime?
False
Let y = 12 + -21. Is (-160)/(-3) - (-3)/y composite?
False
Suppose -2*z + 4*z = 3370. Is z prime?
False
Suppose 3*x = -6, d + d = x + 60. Let l = 55 - d. Is l a composite number?
True
Suppose 22029 = 6*r - 3*r. Is r a prime number?
False
Suppose q + 485 = 3*h - 394, -586 = -2*h + 5*q. Is h prime?
True
Let r be (759 + -2 - -2) + -1. Suppose 2*k - r = -4*q, 3*k - 2*k - 188 = -q. Is q a prime number?
True
Let a = 8 - 6. Suppose -f = -3*p, a*p = -5*f - 2*p + 95. Is f prime?
False
Is 6/((-36)/(-6)) + 1156 a composite number?
True
Suppose 4*k = i - 95, 2*i + 5*k = 5*i - 320. Is i composite?
True
Suppose -2*r = -3*t + 1571, 2*t + 3*t - 4*r = 2621. Is t a prime number?
True
Suppose 2*d - 5*w + 16 = 0, 2 = -2*w + 3*w. Is -2 - (4506/2)/d prime?
False
Is (267/(-6))/((-2)/4) a prime number?
True
Let c = -11 - -23. Suppose i + 3*i - c = 0. Is i a prime number?
True
Let g(p) = 52*p**2 + 11*p + 11. Is g(6) a composite number?
False
Let x(k) = 76*k - 51. Is x(13) a composite number?
False
Is 4/6 - (-6490)/30 a composite number?
True
Let q(r) be the third derivative of -5*r**7/1008 - r**6/120 + r**5/60 + 3*r**2. Let p(v) be the third derivative of q(v). Is p(-4) a prime number?
False
Let c be (4/6)/(2/21). Suppose 2*p + r + 819 = c*p, -2*r = -2*p + 334. Is p a prime number?
True
Suppose -y = -5*o, -9 = 4*y + 11. Let w(t) = -24*t - 1. Is w(o) a prime number?
True
Let n(m) = -4*m**3 + m - 2. Is n(-3) a prime number?
True
Suppose -37 + 682 = 3*n - 5*v, 0 = 4*n - 4*v - 860. Suppose y - 2*o - 50 - 5 = 0, -5*y = 5*o - n. Is y a prime number?
True
Let u be 6*(10/4 - 2). Let a be 2 - (-1)/u*0. Suppose -x - a*b = -273, -x - b = -125 - 144. Is x a composite number?
True
Suppose -2*k + 61 = -73. Suppose s = -z + k, 201 = 3*z + s + s. Is z prime?
True
Suppose 2*h + 3155 = 7*h. Is h a composite number?
False
Suppose -7*a = -2*a + 25. Let k(w) = -10*w - 4. Let j(u) = u + 1. Let r(s) = 5*j(s) + k(s). Is r(a) composite?
True
Let v(s) = 1118*s - 1. Let c be v(1). Suppose 675 = 4*f - 4*z - c, 3*z - 468 = -f. Is f prime?
False
Let o(a) be the second derivative of 41*a**4/12 - 8*a**3/3 - 3*a**2/2 - 4*a. Let n(c) = 10*c**2 - 4*c - 1. Let f(x) = 9*n(x) - 2*o(x). Is f(-2) prime?
True
Suppose -q + 5 = 2*k - k, 4*k = -3*q + 15. Suppose 381 = -m - k*m. Let d = 544 + m. Is d a composite number?
False
Suppose 3*y - 2*a + 443 = -174, -15 = 3*a. Let n = -42 - y. Is n a composite number?
False
Let z(s) = -s**3 + 2*s**2 + 10. Is z(0) composite?
True
Let r(x) = x**3 + 8*x**2 + 7*x + 4. Suppose 3*n = -5*o - 2*n - 45, -o - 4*n = 15. Let q be r(o). Suppose -q*m - k = -238 + 20, 59 = m - 2*k. Is m composite?
True
Let i = -3 - -9. Suppose 2*u - i = w, -4*w - 4*u + 36 = -0*u. Suppose 4*c = w*r - 0*c - 68, -32 = -2*r + 3*c. Is r prime?
True
Let w(c) = 4*c + 1. Let y(t) = -t. Let m(s) = w(s) + 5*y(s). Let f be m(-3). Suppose 5*b = -f*u + 90, b + u = -0*b + 19. Is b a prime number?
False
Suppose 0 = -5*o + 6*r - r + 1790, -1417 = -4*o + r. Is o prime?
True
Let u be (-2)/1*(-3)/2. Suppose -4*t - 623 = -5*b, b + u*t = 2*b - 118. Is b a prime number?
True
Suppose 0 = 5*w - 0*s + 5*s - 15, -4*s + 21 = -5*w. Is 1/(w + (-88)/(-86)) prime?
True
Let l = -894 + 1427. Is l composite?
True
Let t be 24/(-9)*(-6)/4. Let p(y) = -3 + 5*y + 3*y**2 - t*y - 2*y. Is p(10) a prime number?
False
Let x(k) = -11*k**3 + 2*k**2 - 5*k + 3. Let n be x(3). I